 is the greatest common divisor of 4082149 and 277?
277
Calculate the highest common divisor of 18019554 and 126.
42
What is the greatest common factor of 1112 and 6034268?
556
Calculate the highest common divisor of 3523195649 and 103.
103
Calculate the highest common divisor of 16 and 705608.
8
Calculate the highest common divisor of 44083424 and 528.
176
Calculate the highest common factor of 12 and 47946972.
12
What is the greatest common factor of 253747 and 114101?
1703
Calculate the highest common divisor of 8808480 and 6720.
480
Calculate the highest common factor of 1259259005 and 565.
565
Calculate the highest common divisor of 1899737 and 124880.
1561
Calculate the greatest common factor of 1324 and 132086212.
1324
Calculate the greatest common factor of 26560 and 1579075.
415
Calculate the greatest common divisor of 5502629 and 8173.
11
What is the highest common divisor of 39 and 37335363?
39
What is the highest common divisor of 344616 and 5208?
24
Calculate the highest common divisor of 5510880 and 192.
96
Calculate the highest common divisor of 563 and 108428170.
563
What is the highest common factor of 4512 and 1336224?
96
What is the greatest common divisor of 1899285253 and 199?
199
What is the greatest common divisor of 5238604 and 3612?
1204
Calculate the highest common divisor of 1255624 and 455731.
1891
What is the highest common divisor of 16166711 and 2227?
17
Calculate the greatest common factor of 9400 and 269921.
47
What is the highest common factor of 104111208 and 360?
72
Calculate the greatest common factor of 3355375 and 500.
125
What is the highest common factor of 54195 and 7895?
5
What is the highest common divisor of 1432 and 2186264?
8
What is the highest common divisor of 78 and 6365272?
2
What is the highest common divisor of 27037 and 3766681?
1423
Calculate the highest common factor of 182195 and 268385.
65
What is the greatest common divisor of 141 and 116310806?
47
Calculate the greatest common divisor of 152844900 and 1625.
325
What is the highest common factor of 676573366 and 3032?
758
Calculate the highest common factor of 15558702 and 126.
6
Calculate the greatest common divisor of 1508 and 1559678.
58
Calculate the highest common divisor of 30072 and 15666.
42
Calculate the greatest common divisor of 204487551 and 1809.
1809
Calculate the greatest common divisor of 892 and 2355995.
223
Calculate the greatest common divisor of 24 and 691669320.
24
Calculate the greatest common divisor of 6341 and 2817940400.
6341
What is the greatest common factor of 78 and 4651842?
78
Calculate the greatest common divisor of 4333766 and 502.
502
What is the highest common divisor of 3878240 and 9040?
80
What is the highest common divisor of 7080 and 48570?
30
Calculate the highest common factor of 305 and 103055.
5
What is the greatest common divisor of 6936 and 6432?
24
What is the highest common factor of 43335 and 12489795?
405
What is the highest common divisor of 301026 and 1628?
22
What is the greatest common divisor of 660 and 34919148?
132
What is the highest common factor of 44736 and 1199834432?
14912
What is the highest common divisor of 2125433 and 394?
197
Calculate the highest common divisor of 24880 and 10272400.
80
What is the highest common factor of 659493 and 2727?
9
Calculate the greatest common divisor of 68 and 102955247.
17
What is the highest common factor of 904 and 35887444?
452
What is the highest common divisor of 82 and 507238?
2
What is the greatest common factor of 343 and 256270?
49
Calculate the greatest common factor of 376962 and 138.
6
What is the greatest common factor of 30904 and 57128?
8
What is the highest common factor of 356678611 and 381?
127
What is the greatest common divisor of 299492514 and 27?
9
Calculate the greatest common divisor of 146745946 and 268.
134
Calculate the highest common divisor of 473954670 and 18.
18
What is the greatest common divisor of 2698 and 4044017?
19
What is the greatest common factor of 121274186 and 242?
242
What is the greatest common divisor of 1654725 and 825?
75
Calculate the greatest common divisor of 2989 and 59669407.
2989
What is the greatest common factor of 2974828 and 42728?
436
What is the highest common divisor of 43 and 2364269?
43
What is the greatest common divisor of 335362 and 4313766?
4594
What is the highest common divisor of 1585290 and 336?
42
Calculate the greatest common divisor of 555 and 685085118.
111
Calculate the greatest common divisor of 40662 and 35316.
162
Calculate the highest common divisor of 560 and 85584240.
560
What is the highest common factor of 4216317 and 29736?
1239
What is the greatest common factor of 4659266 and 1268?
634
Calculate the greatest common factor of 14513352 and 84.
84
Calculate the greatest common factor of 20342 and 781438.
14
What is the greatest common divisor of 464 and 3142192?
16
What is the greatest common factor of 455697752 and 2?
2
What is the highest common factor of 8490446 and 436?
218
Calculate the greatest common divisor of 50629666 and 4978.
262
What is the greatest common divisor of 31523130 and 10?
10
What is the greatest common divisor of 554177700 and 40176?
10044
What is the greatest common factor of 46716621 and 4221?
1407
Calculate the highest common divisor of 1870 and 25820586.
374
Calculate the greatest common factor of 6391 and 531454.
77
What is the highest common factor of 1876512 and 2016?
96
What is the greatest common divisor of 7190342 and 1222?
94
Calculate the greatest common divisor of 182 and 26877676.
14
Calculate the greatest common factor of 21157391 and 141322.
3719
Calculate the greatest common factor of 13074017 and 18403.
2629
What is the highest common factor of 1349 and 14347964?
1349
What is the highest common factor of 1235 and 2309645?
65
What is the greatest common divisor of 250124719 and 10036?
2509
Calculate the highest common factor of 10241355 and 90.
15
Calculate the highest common divisor of 47561572 and 9104.
2276
Calculate the highest common factor of 11475 and 7625350.
425
What is the greatest common factor of 40 and 157464?
8
What is the highest common factor of 5758715 and 1240?
155
Calculate the greatest common divisor of 11765971 and 215775.
959
Calculate the greatest common factor of 58122629 and 9507.
3169
What is the greatest common divisor of 5480154 and 68?
34
What is the greatest common divisor of 30628 and 76882?
26
Calculate the highest common factor of 1670685 and 16663.
877
What is the greatest common divisor of 4399790 and 669?
223
Calculate the greatest common factor of 551248 and 18576.
16
Calculate the greatest common divisor of 81098890 and 61.
61
What is the highest common factor of 132860 and 29360240?
1820
What is the greatest common divisor of 15407975 and 18242?
1303
Calculate the greatest common factor of 375870 and 17286.
402
Calculate the greatest common factor of 2496 and 5813760.
192
Calculate the highest common divisor of 2187164 and 588.
196
What is the highest common factor of 179 and 13780852?
179
What is the greatest common divisor of 2694930 and 5534466?
13146
What is the highest common factor of 14479460 and 96?
4
What is the greatest common divisor of 225273 and 66647571?
3693
Calculate the greatest common factor of 143382188 and 29024.
3628
What is the greatest common factor of 394 and 5413?
1
What is the highest common divisor of 19235201 and 1501?
19
Calculate the greatest common divisor of 34221 and 4110447.
561
What is the greatest common divisor of 62182813 and 94325?
3773
What is the highest common factor of 1316 and 1748264?
28
What is the greatest common factor of 600225 and 1975?
25
What is the greatest common factor of 463996 and 228?
4
What is the highest common factor of 21950406 and 1206?
1206
What is the highest common factor of 308249543 and 245?
49
What is the greatest common factor of 20719336 and 352?
88
Calculate the greatest common divisor of 339468298 and 5473.
5473
What is the greatest common divisor of 1521413 and 2060?
103
What is the greatest common divisor of 382219 and 89717?
1229
Calculate the highest common factor of 745 and 1686140.
5
What is the greatest common divisor of 83486 and 213109?
2197
What is the greatest common factor of 3591 and 2657